atest common divisor of c and 40.
8
Let u(z) be the first derivative of -z - 4. Let f(s) = -66*s - 3. Let c(j) = 2*f(j) - 6*u(j). Let q be c(-1). Calculate the greatest common divisor of 12 and q.
12
Suppose j = 3*k - 30, 5*k - k - 2*j - 38 = 0. Calculate the highest common factor of k and 11.
11
Suppose -s = 3*s - 504. Suppose -4*m + 53 = -3. What is the greatest common factor of s and m?
14
Let s be 39/2 - (-2)/(-4). Suppose 5*t = -2*c + 367, 14*t = 5*c + 17*t - 870. Calculate the highest common factor of s and c.
19
Let d(t) = t**3 - 5*t**2 + 4*t + 3. Let q be d(4). Suppose -q*l - 10 = -4*l. Calculate the highest common factor of l and 40.
10
Let r be (-874)/(-3) + (-5)/15. Let t be r/4 - 12/16. Calculate the greatest common divisor of 18 and t.
18
Let w be (-5)/(-40)*34*8. Calculate the highest common factor of 34 and w.
34
Let d = 4 + -4. Suppose -j + 156 - 3 = d. What is the greatest common divisor of 17 and j?
17
Let q(w) = 4*w - 2. Let r be q(1). Suppose 2*m + 0*m = -4*p + 308, r*p = -3*m + 474. Calculate the greatest common factor of 20 and m.
20
Suppose 5*r + 188 = 18. Let b = r + 48. Let v = 59 + -24. What is the greatest common divisor of v and b?
7
Suppose -6*w + 24 = -66. Calculate the highest common divisor of 5 and w.
5
Let g(i) = 0*i**2 + 3 + 0*i**2 - i**2 - 9*i. Let a be g(-9). What is the highest common factor of 9 and a?
3
Let z(o) = -o**2 - 6*o - 2. Let p be (-3)/6*0 - -2. Suppose -3*y = 3*c, -3*y + p*c - 16 = -y. Let b be z(y). What is the greatest common divisor of b and 30?
6
Let x be (-14)/(-20)*16*30. Suppose 6*c = 5*c - 3*b + 100, 0 = 4*c - 4*b - x. Calculate the highest common divisor of 11 and c.
11
Let r be (-1 + (-62)/4)*-2. Calculate the highest common divisor of 297 and r.
33
Let c = -27 - -59. Suppose 0 = 3*k - 14 - 10. Calculate the highest common divisor of c and k.
8
Let u be 0/1 + (-1 - -5). Suppose 5*t + 0 - 24 = -2*q, 5*t = u*q + 12. Let j be q + 9/((-6)/(-2)). Calculate the highest common factor of 55 and j.
5
Let u be (-28)/(-6) - (-4)/(-6). Let c(s) = 2*s**2 - 2*s - 2. Let j be c(u). Let p be (j - (-2 - -2))/2. What is the highest common divisor of p and 22?
11
Suppose -j + 3*n + 41 = 0, 97 = 5*j + 3*n - 180. Suppose -w + j = -c, 121 = 4*w - 2*w + 3*c. Let g = 100 - w. What is the highest common factor of g and 4?
4
Let c be 153 - (-2 - -1 - 0). Let l be 1 + (-8)/16 + (-27)/(-2). Calculate the highest common divisor of c and l.
14
Let r = -7 + 10. Let n(q) = q**2 - 3 + 6 - 2*q + q. Let a be n(r). What is the greatest common divisor of a and 45?
9
Suppose 2*y + 7*g - 20 = 2*g, -3*y + 3*g + 72 = 0. Calculate the highest common factor of y and 20.
20
Let q be 24 + (-12)/(-8)*2/3. Calculate the greatest common factor of 200 and q.
25
Let l be -2 + 3 + 43 + -4. What is the highest common factor of l and 8?
8
Suppose 26*f + 1 = 27*f. What is the greatest common divisor of f and 13?
1
Let b = 102 - 68. Calculate the greatest common divisor of 102 and b.
34
Let n(i) = 0*i**2 - 2 + 7*i - 2*i**2 + i**3 - 4*i**2. Let r be n(5). What is the highest common factor of 1 and r?
1
Let y be 2/7 + 3175/35. What is the highest common factor of 13 and y?
13
Let z = -8 - -28. Let t(y) = y**3 + 12*y**2 - 4*y - 46. Let i be t(-12). What is the highest common divisor of i and z?
2
Let v(p) = p - 3. Let t be v(15). What is the greatest common factor of 60 and t?
12
Suppose -120 = -2*d - 3*d. Calculate the highest common factor of d and 40.
8
Let f = 17 + -24. Let y(x) = x - 4. Let a be y(f). Let d be 26/22 + 2/a. What is the highest common factor of 7 and d?
1
Suppose 11*k = 6*k + 45. Calculate the highest common divisor of k and 72.
9
Let o(r) = 3*r**2 - 4*r - 9. Let q be o(6). Calculate the greatest common divisor of q and 25.
25
Let k = -204 - -339. What is the greatest common divisor of k and 15?
15
Suppose -5*j = -5*c - 5 + 75, 0 = 4*j - 8. Calculate the greatest common factor of c and 16.
16
Let a(u) = 34*u**2 + 5*u - 2. Let l be a(-2). What is the greatest common factor of 93 and l?
31
Let l be 28/(-35) + 132/15. Calculate the highest common factor of l and 20.
4
Let h(o) = o**2 - 6*o + 16. Let w be h(4). Calculate the highest common factor of 16 and w.
8
Let u(m) = m**2 + 5*m - 6. Let d be u(2). What is the highest common factor of d and 16?
8
Let r = -50 - -215. Let n(c) = 2*c**2 - 3*c + 1. Let j be n(2). Suppose 2*x + 15 = j*x. Calculate the highest common factor of r and x.
15
Let u = -28 + 124. Calculate the highest common factor of 12 and u.
12
Let w be (-1 - 0)*(1 - 1). Suppose -2*x = 5*k + 14, -5*x + 0*k = k - 11. Suppose j - x - 1 = w. Calculate the highest common divisor of 20 and j.
4
Suppose -4*o = -2*x - 130, 3*o - 99 = -0*o + 3*x. Let b be (-158)/(-5) - 6/(-15). Calculate the highest common divisor of o and b.
32
Suppose v - 1 = -5*x, -4*x + 0*v = 2*v + 4. Calculate the greatest common divisor of x and 8.
1
Let s = -25 + 36. What is the highest common divisor of s and 1?
1
Let t be (-3)/((2/(-13))/2). Calculate the greatest common divisor of 429 and t.
39
Suppose -2*p + 181 = -11. Calculate the greatest common factor of p and 12.
12
Suppose 32*k + 2048 = 40*k. Calculate the highest common factor of k and 16.
16
Let f = -3 + 4. Suppose 4 = -3*x - 5*v, -9 = 5*v + f. Suppose 14 = -x*p + 2*b - 6*b, 3*p - b = 14. Calculate the highest common factor of 9 and p.
3
Suppose -13 = -f - 9. Calculate the greatest common factor of 16 and f.
4
Let w = -14 - -26. Let d(z) = -12*z**3 + z**2 - 1. Let g be d(-1). Calculate the greatest common factor of w and g.
12
Let x(p) = p**2 - 9*p + 7. Let k be x(6). Let a = -16 - k. Let r = a - -8. What is the greatest common divisor of r and 27?
3
Let m be (14/(-4))/(1/(-4)). Suppose 0 = 5*h + 3*t - 487, -5*t = -0*h + 2*h - 191. What is the greatest common factor of m and h?
14
Let y(p) = -p**2 + 22. Let q be y(0). Let m be (-4)/(-6) + (-4)/6. Suppose 4*d + m*d = 44. Calculate the greatest common divisor of d and q.
11
Suppose 160 = -t + 11*t. Calculate the highest common factor of 40 and t.
8
Let m = 16 + 47. What is the greatest common factor of 9 and m?
9
Let n = -21 - -171. Let h(w) = w**2 + 9*w + 15. Let o be h(-9). Calculate the highest common divisor of n and o.
15
Let p be (3/6)/(1/10). Suppose -p*t + 33 - 8 = 0. Let m(u) = 5*u + 7. Let s be m(t). What is the highest common factor of 48 and s?
16
Suppose 336 = 7*i - 112. What is the greatest common factor of 8 and i?
8
Let s(v) = -v**3 - 10*v**2 - 11*v + 2. Let x = -19 + 10. Let j be s(x). Let w = -15 - -175. Calculate the highest common factor of j and w.
20
Let z(v) = 29*v**2 + 3. Let n be z(-3). Suppose -y + 2*w = y - n, -w + 276 = 2*y. Calculate the greatest common divisor of y and 17.
17
Suppose -j = -3*j - 30. Let c = 25 + j. Let r be c + -1 - (-5 + 3). What is the highest common divisor of r and 11?
11
Let s be 6/14 - (-192)/42. Calculate the greatest common divisor of s and 45.
5
Suppose 9 = -4*k + 169. Calculate the highest common factor of 5 and k.
5
Let z = 29 - 18. Let y = 24 + -19. Suppose 2*v - 10 = 5*f + 14, -4*v + 108 = y*f. Calculate the highest common factor of z and v.
11
Let j = 189 + -160. Calculate the highest common divisor of 319 and j.
29
Let u(o) = 2*o**2 + 9*o + 25. Let b be u(-5). Calculate the highest common factor of b and 150.
30
Suppose h - 5*h = -5*o - 70, -71 = -5*h - 2*o. Let u be (-146)/(-30) - 20/(-150). Calculate the highest common divisor of h and u.
5
Let k be (24/9)/(4/66). What is the greatest common factor of k and 66?
22
Suppose 3*p - l = -47 + 126, 2*p + l = 51. Suppose -4*n + p = -n + f, 2*f - 10 = 0. What is the highest common divisor of 14 and n?
7
Let d = -6 - -86. Calculate the highest common factor of d and 32.
16
Let x be ((-12)/(-24))/(1/46). Calculate the highest common divisor of 92 and x.
23
Let n(m) = m**2 - 6. Let f be n(3). Calculate the greatest common factor of 27 and f.
3
Let q(h) = -13*h + 8. Let i be q(-7). What is the greatest common divisor of i and 11?
11
Let s(v) = 29*v + 2. Let f be s(6). Calculate the greatest common factor of 11 and f.
11
Suppose -64 = -2*q + 138. Suppose -q = -3*d + 25. What is the highest common factor of d and 28?
14
Suppose h = 28 + 33. Let z = 94 - h. Calculate the highest common divisor of z and 22.
11
Suppose 0 = -w - 4*f + 13,